
False
Is 382111104 a multiple of 64?
True
Is 88 a factor of 260641040?
True
Does 85 divide 16669775?
True
Is 37 a factor of 39841261?
False
Is 120 a factor of 5979447?
False
Is 582 a factor of 22244689?
False
Is 2005 a factor of 353541650?
True
Is 12948613 a multiple of 81?
False
Is 5546 a factor of 519917921?
False
Is 49653 a multiple of 752?
False
Does 3400 divide 238067185?
False
Does 2252 divide 821626436?
True
Is 3110334639 a multiple of 3453?
True
Is 43 a factor of 311858876?
True
Is 61 a factor of 7016009?
False
Does 1088 divide 25711616?
True
Is 296748530 a multiple of 1403?
True
Is 538765510 a multiple of 37?
True
Is 2788072771 a multiple of 8747?
False
Is 1970501176 a multiple of 8186?
True
Is 1786 a factor of 85872656?
False
Is 61093670 a multiple of 18?
False
Is 34851332 a multiple of 1183?
False
Does 379 divide 83412215?
True
Does 6 divide 25068997?
False
Is 206 a factor of 208039057?
False
Is 11 a factor of 27043170?
True
Does 565 divide 48749330?
True
Is 10286394 a multiple of 9?
False
Does 796 divide 463711392?
True
Is 375113641 a multiple of 52?
False
Is 4327 a factor of 3455347485?
True
Is 273 a factor of 18304906?
False
Does 20 divide 143190640?
True
Does 281 divide 22487306?
True
Is 1312664200 a multiple of 1640?
True
Is 2513 a factor of 85323102?
False
Does 16 divide 17508960?
True
Is 11 a factor of 19901101?
True
Is 57566961 a multiple of 519?
True
Is 4 a factor of 11544530?
False
Is 231501947 a multiple of 40?
False
Does 10 divide 1001538602?
False
Is 11938627 a multiple of 103?
True
Does 17 divide 39668752?
True
Is 17 a factor of 538984677?
True
Is 3115 a factor of 651681492?
False
Is 27766125 a multiple of 225?
True
Is 1417754922 a multiple of 98?
False
Does 291 divide 473217216?
True
Is 79831600 a multiple of 100?
True
Is 1551 a factor of 196306642?
False
Is 374 a factor of 161407760?
False
Is 495197281 a multiple of 2747?
False
Is 36325339 a multiple of 170?
False
Does 620 divide 1663460?
True
Is 3 a factor of 15223062?
True
Is 4827 a factor of 316887723?
True
Is 14 a factor of 248926378?
False
Does 896 divide 9468928?
True
Is 372 a factor of 26084904?
False
Is 3044959 a multiple of 338?
False
Is 27690177 a multiple of 18?
False
Does 4768 divide 997421240?
False
Does 1415 divide 79766380?
True
Does 172 divide 2643903160?
True
Does 97 divide 128548633?
False
Does 78 divide 251591340?
True
Does 9 divide 4136703541?
False
Does 96 divide 572700238?
False
Is 1622797555 a multiple of 28?
False
Is 11 a factor of 2903078431?
True
Is 1949 a factor of 215958945?
True
Does 3 divide 339030988?
False
Does 15 divide 73296450?
True
Does 28 divide 25377774?
False
Does 38 divide 210733241?
False
Is 189 a factor of 24732185?
False
Is 13 a factor of 1035780161?
True
Is 389299535 a multiple of 4174?
False
Does 71 divide 741292895?
True
Is 4213 a factor of 37514112?
False
Is 236 a factor of 65959876?
True
Is 2658 a factor of 98478683?
False
Is 879694592 a multiple of 3882?
False
Is 102131820 a multiple of 246?
True
Does 4705 divide 279355438?
False
Is 10 a factor of 5870270?
True
Does 150 divide 11747675?
False
Does 43 divide 38776153?
True
Is 184811670 a multiple of 84?
False
Does 383 divide 44886451?
True
Does 15 divide 3528315?
True
Is 436 a factor of 27193277?
False
Is 5879 a factor of 4436522681?
True
Does 37 divide 6110180?
True
Is 224614053 a multiple of 4293?
True
Is 1178 a factor of 32807463?
False
Does 10 divide 183051937?
False
Is 192444665 a multiple of 32?
False
Is 42 a factor of 52252200?
True
Does 2311 divide 215861266?
True
Does 180 divide 225044640?
True
Is 269 a factor of 7930120?
True
Is 885233395 a multiple of 162?
False
Is 22656799 a multiple of 231?
False
Is 149932587 a multiple of 1673?
True
Does 53 divide 111021776?
False
Does 79 divide 80828829?
False
Is 321941376 a multiple of 128?
True
Does 3 divide 2540893?
False
Is 4 a factor of 1638337847?
False
Is 495 a factor of 3035706300?
True
Is 67904145 a multiple of 9?
True
Is 20 a factor of 145854820?
True
Does 426 divide 84497130?
False
Does 11 divide 20904400?
True
Is 106609464 a multiple of 13?
True
Is 7 a factor of 89747840?
True
Is 13 a factor of 1574462344?
True
Is 295765944 a multiple of 8?
True
Is 2731433 a multiple of 657?
False
Does 312 divide 14253251?
False
Is 81 a factor of 75893193?
True
Is 6291516 a multiple of 121?
True
Is 1399 a factor of 7807819?
True
Is 73 a factor of 46317441?
False
Does 14 divide 258800603?
False
Is 139899441 a multiple of 103?
True
Is 1433321657 a multiple of 153?
False
Is 1394 a factor of 5034192626?
True
Is 240 a factor of 231225985?
False
Is 7046052 a multiple of 78?
True
Does 19 divide 46834848?
True
Is 12 a factor of 981692451?
False
Is 12762605 a multiple of 355?
True
Is 49 a factor of 4997216?
True
Does 27 divide 1865390171?
False
Is 18 a factor of 3714734790?
True
Is 12491594 a multiple of 7?
False
Is 27 a factor of 1958202?
True
Is 11628186 a multiple of 366?
True
Is 4584 a factor of 721946768?
False
Is 4466269 a multiple of 1352?
False
Does 1821 divide 12020429?
False
Is 28 a factor of 2395932532?
True
Is 1215 a factor of 4007212682?
False
Is 282 a factor of 40463334?
True
Is 468903949 a multiple of 53?
False
Is 494 a factor of 1341536534?
True
Is 5306 a factor of 67883894?
False
Is 26243633 a multiple of 36?
False
Is 86 a factor of 3578066?
False
Is 10 a factor of 1010380955?
False
Does 115 divide 2725970350?
True
Is 728967779 a multiple of 1998?
False
Is 1471143344 a multiple of 5368?
True
Is 9655197 a multiple of 11?
False
Is 17 a factor of 81820327?
False
Does 1901 divide 371387367?
False
Is 2305776 a multiple of 24?
True
Does 248 divide 21017415?
False
Does 1609 divide 88551780?
False
Is 15473696 a multiple of 112?
True
Is 248 a factor of 43228544?
False
Is 682206375 a multiple of 28?
False
Does 4 divide 49836708?
True
Is 35 a factor of 10173380?
True
Is 234 a factor of 764244?
True
Does 71 divide 201573544?
True
Is 16 a factor of 225889840?
True
Does 10 divide 18554730?
True
Is 779 a factor of 10176077?
True
Is 1099850903 a multiple of 6630?
False
Is 171637500 a multiple of 230?
True
Is 163 a factor of 703496986?
False
Is 2038 a factor of 16965756?
False
Does 703 divide 470044781?
True
Does 14 divide 115460072?
True
Is 20779085 a multiple of 28?
False
Is 1007199182 a multiple of 11?
True
Does 3351 divide 484785819?
True
Does 89 divide 32291870?
True
Does 149 divide 14145166?
True
Is 11218248 a multiple of 2?
True
Is 340263014 a multiple of 26?
True
Does 338 divide 280471179?
False
Is 1212 a factor of 16051728?
True
Does 845 divide 152187978?
False
Is 379541737 a multiple of 114?
False
Is 29533002 a multiple of 226?
True
Does 219 divide 42406719?
False
Is 909847162 a multiple of 443?
False
Is 3307 a factor of 529771798?
False
Is 83164886 a multiple of 20?
False
Is 1221823460 a multiple of 806?
True
Is 1145 a factor of 268711993?
False
Is 203042537 even?
False
Is 118870941 a multiple of 3?
True
Is 41 a factor of 2603619?
False
Is 50 a factor of 8604200?
True
Is 364 a factor of 1576851276?
True
Does 44 divide 32440056?
True
Is 832523859 a multiple of 44?
False
Does 25 divide 10263045?
False
Is 6 a factor of 29035971?
False
Is 1414503671 a multiple of 1607?
False
Is 11103789 a multiple of 220?
False
Is 167985 even?
False
Does 23 divide 482267821?
False
Is 701041922 a multiple of 49?
True
Is 5267954538 a multiple of 8538?
True
Does 5 divide 6661924?
False
Is 12 a factor of 911211381?
False
Is 37 a factor of 157659561?
False
Is 1798121768 a multiple of 17?
False
Is 856144 a multiple of 78?
False
Is 3 a factor of 188292?
True
Is 119785572 a multiple of 12?
True
Does 12 divide 100730818?
False
Does 211 divide 13887387?
True
Does 14 divide 59922742?
False
Is 72456378 a multiple of 39?
False
Is 1739 a factor of 4615537287?
True
Does 7171 divide 1795126417?
False
Is 37261554 a multiple of 2?
True
Is 726 a factor of 849451218?
True
Is 480972355 a multiple of 228?
False
Is 39426224 a multiple of 1676?
True
Is 37521600 a multiple of 192?
True
Is 4455324 a multiple of 162?
True
Is 21435924 a multiple of 1727?
False
Is 285 a factor of 24415380?
True
Is 555 a factor of 21066690?
True
Does 511 divide 637816914?
True
Is 3444611346 a multiple of 3078?
True
Does 18 divide 29973001?
False
Is 191606520 a multiple of 56?
True
Is 3